*z**4 - 1/6*z**3 + 0*z**2. What is a(6)?
-6
Let y = -11 - -17. Let q be (-72)/30*(-40)/y. Suppose -v = 2*p + 4, 3*v + 0*v + 2*p + q = 0. Let o(u) = -u**2 - 6*u - 3. Give o(v).
-3
Let n(j) = 2*j**2 - j - 2. Suppose -470*p = -472*p + 6. Calculate n(p).
13
Suppose 2 - 12 = -5*s. Let a(k) = -6*k + 4. Determine a(s).
-8
Let b(x) be the second derivative of -x**5/20 + 13*x**4/12 + 5*x**3/2 - 11*x**2/2 + x. Determine b(14).
3
Let g(a) = a**3 + a**2 - 12. Let h(x) = -17*x - 17. Let v be h(-3). Let p(u) = -u**3 + 5*u**2 - 6*u - 4. Let w be p(5). Let r = v + w. Calculate g(r).
-12
Suppose 0 = 3*m - 7 + 1. Let p = -8 - -7. Let u be (-2 + m)/(-3) - p. Let b(d) = 9*d - 1. Give b(u).
8
Suppose -g + 6 = -19*w + 22*w, -11 = -3*g - 2*w. Let p(u) = -2*u**3 + 4*u**2 + u - 4. Calculate p(g).
-19
Let l(i) be the second derivative of -5/2*i**2 - 5*i + 0 + 1/3*i**3. Let a(n) = -2*n - 4. Let z be a(-5). Calculate l(z).
7
Let h(k) be the first derivative of k**2/2 - 2*k - 1. Let t be -8*72/(-32)*(-2)/(-6). Suppose t = -4*l - 14. Give h(l).
-7
Let f(x) be the third derivative of x**5/30 + x**4/12 + 2*x**3/3 - 3*x**2 + 2. Calculate f(-3).
16
Suppose 0 = 68*j - 70*j + 14. Let d(x) = x**2 - 3*x. Give d(j).
28
Let s(y) = 16*y**2 + 15*y. Let u(h) = -3*h**2 - 3*h. Let o be (-3 + 3 + 1)*-11. Let i(f) = o*u(f) - 2*s(f). Calculate i(-3).
0
Let n(a) = -a**2 - 6*a - 13. Let q(i) = -i**2 - 3. Let m(k) = -n(k) + 2*q(k). Determine m(-3).
-20
Let a(p) = -2*p**2 + 2*p + 30. Let d(f) = f**2 - f - 14. Let l(o) = -3*a(o) - 5*d(o). What is l(0)?
-20
Let o(k) = k + 9. Let z(g) = g + 8. Let s(b) = -5*o(b) + 6*z(b). Let v(x) = 11*x + 88. Let t be 2/((7/(-4))/7). Let a be v(t). Calculate s(a).
3
Let n(w) = -w - 9 - 6*w + 2 + 176*w**2 - 175*w**2 + 1. Calculate n(12).
54
Let y(q) = 3*q - 12. Suppose 53*x - 48 = 45*x. What is y(x)?
6
Let a(x) = -4*x + 23. Let b(r) = r - 6. Let q(d) = -2*a(d) - 9*b(d). Let n(p) = -2*p. Let y be n(-3). What is q(y)?
2
Let k(j) = -j**3 - j**2 + j - 1. Let y(d) = 4*d**3 - d**2 + 2*d + 2. Let h(b) = -5*k(b) - y(b). Let o(z) = 2*z**2 - 14*z - 7. Let q be o(7). Determine h(q).
3
Let r(w) = -w + 14. Let z be (8 - 9)/(1/(-7)) - 1. Let v(a) = 13*a - 69. Let y be v(z). Determine r(y).
5
Let c(f) = f + 6. Let n be c(-8). Let d(x) be the first derivative of -x**3 - 3*x**2/2 - 1237. Determine d(n).
-6
Suppose -7*x - 199 + 164 = 0. Let r(i) = i + 1. Determine r(x).
-4
Suppose 0 = 7*l - l + 1656. Let q be 6/51 + l/34. Let r(s) = s - 2. What is r(q)?
-10
Let g(s) = -15*s**3 + s**2 - s + 1. Suppose -7*i = 47 - 54. What is g(i)?
-14
Let i be (1406/57)/((-4)/(-6)). Suppose -2*l - 10 = d, 0*d + i = -3*l + 4*d. Let f(o) = -o + 2. Calculate f(l).
9
Let h be (-32)/16*(-6 + -1). Let k = -15 + h. Let l(d) = 8*d**3 + d**2 + d. What is l(k)?
-8
Let a(g) = -g - 2. Suppose -3*c + y + 1 = 0, -2*c = -5*y + 3*y - 2. Suppose c*v - 4*v = -2*j + 6, -12 = -2*v - 4*j. Calculate a(v).
-2
Let r(k) be the second derivative of 11*k + 0 - 1/24*k**4 - 1/2*k**3 + k**2. Let a(i) be the first derivative of r(i). Determine a(-5).
2
Suppose -35 + 2 = 18*c + 3. Let l(j) = -j - 1. Let p(v) = -2. Let h(r) = l(r) - p(r). Give h(c).
3
Suppose -8*p - 14 = -78. Let m(b) = -b**2 + 6*b - 4. Calculate m(p).
-20
Let q(s) = -12 - 21 - s + 66 - 15 - 15. Determine q(3).
0
Let d(g) = g**2 - 12*g + 4. Let h be ((-2)/((-12)/(-10)))/((-15)/108). Determine d(h).
4
Let j(d) = -9 - 2*d + 23 + 8*d + 0*d - 18. What is j(-7)?
-46
Let h(l) be the third derivative of -1/24*l**4 + 1/120*l**6 - 1/20*l**5 + 1/3*l**3 - 6*l**2 + 0*l + 0. Calculate h(3).
-1
Suppose 9*k + 34 - 25 = 0. Let n(j) = -39*j**2 - j - 1. Give n(k).
-39
Let q = 76 - 74. Let d(g) = -2 + 75*g + 1 - 37*g + 4*g**q - 36*g. Give d(-2).
11
Let o(n) be the second derivative of -n**3/3 - 9*n**2/2 + n. Let r be (-5)/(5/2) - (2090/22)/19. Give o(r).
5
Let r(z) = -8*z + z + 4*z + 3. Suppose -13 = 2*d - 4*x - 3, -4*d = -4*x + 16. Give r(d).
12
Let y(h) = h**2 - 6*h - 8. Let c(p) be the first derivative of -p**3/3 + 7*p**2/2 + p + 3. Suppose -5*o + 50 = 4*z, -o + 2*z - z = -1. Let w be c(o). Give y(w).
-1
Let m(r) be the first derivative of -r**3/3 + 3*r**2/2 + r + 152. Let s be (-26)/(-6) + 20/(-60). Give m(s).
-3
Let w(a) = 7*a**3 + 13*a**2 + 29*a + 53. Let h(t) = 3*t**3 + 7*t**2 + 14*t + 26. Let x(j) = 9*h(j) - 4*w(j). What is x(12)?
-2
Let w(r) = -6*r**3 - r**2 + 6*r + 6. Let b(o) be the first derivative of -o**2/2 - o - 2. Let c(i) = -5*b(i) - w(i). Let u be 10/20 - (-3)/(-2). Calculate c(u).
-5
Let k(u) = -u**3 - 4*u**2 + 21*u + 2. Suppose -120*b - 343 = -71*b. Determine k(b).
2
Let y(n) be the first derivative of -2 + 3*n**2 - 1/3*n**3 - n. Give y(6).
-1
Let q = 21 - 21. Suppose -f + 5 = -q. Let w(i) = -i**3 + 6*i**2 - 3*i - 8. Let z be w(f). Let x(g) = -2*g + 1. Calculate x(z).
-3
Let i = 973/2 + -485. Let m(k) be the second derivative of -i*k**2 + 4*k + 0 - 2/3*k**3. Calculate m(-2).
5
Let m = 52 - 56. Let f(b) = -5*b**3 + b**2 + 11*b + 2. Let r(z) = -4*z**3 + 2*z**2 + 10*z + 2. Let g(s) = m*r(s) + 3*f(s). Give g(6).
-8
Suppose 3*r - 12 = -y, -y - 3*r + 48 = 4*y. Let l(h) = h**2 - 5*h - 12. What is l(y)?
24
Let o(x) = x**3 - 2 - 2*x**3 + 0 - 2*x**2. Suppose -g + 4 = 1. Suppose 3*y + g*p + 3 = 0, -p + 3 = -0*y - y. Determine o(y).
-2
Let y(m) = -6*m + 9. Let a(s) = 5*s - 8. Let b(o) = -5*a(o) - 4*y(o). Let r = 2384 + -2378. Give b(r).
-2
Let a(r) = r**2 + 4*r - 4. Let v = 43 + -22. Let m = 23 - v. Let s be (m/(-2))/(7/42). What is a(s)?
8
Let i(k) be the first derivative of k**4/4 - 10*k**3/3 + 4*k**2 - 3*k + 325. What is i(9)?
-12
Let t(r) = -4 + 63*r**2 - 51*r**2 - 1 - r**3 - 13*r - 2 - 2. Calculate t(11).
-31
Suppose 7*p = -25*p - 96. Let x(w) = -4*w**2 - w - 1. Give x(p).
-34
Let j(q) = -q**3 - 6*q**2 - 3*q + 5. Suppose 25 = x - 3*y, -2*y = 3*x - 15 - 16. Suppose -10*v = -x*v + 6. Let s be v*(-25)/10 + 0. Determine j(s).
-5
Let b(f) = f**2 + 10*f + 6. Let v(u) = u**2 - 8*u + 6. Let n be v(4). Calculate b(n).
6
Let q(r) be the second derivative of -2*r**5/5 - r**4/12 - r**3/6 - 9*r. Let j = -5 + 8. Suppose j = k + 4. Determine q(k).
8
Let t(h) = 31 - 10 - 10 + 7 - 4*h - 9 - h**2. Determine t(-6).
-3
Let m(v) = v**2 + 8*v + 5. Let t be 1/(-3)*0/(-1). Let h(u) = u - 4 - 2*u + 1 - u**2 - 2. Let q be h(t). What is m(q)?
-10
Let y(c) = c**3 - 2*c**2 - 2*c - 2. Let r be y(3). Suppose -37 = -4*z + z - 4*t, r = t. Let m(l) = -7*l - 1 + z*l - 2*l**3 + l**2 - 5*l. What is m(-1)?
3
Suppose -k + 5 = 6. Let a be (k - (-1 - -3)) + 19. Suppose 12 = -4*v - 7*t + 4*t, 4*v + 2*t = -a. Let w(p) = p. Give w(v).
-6
Let d(j) = 7*j + 21. Let x be d(-3). Let i(q) be the second derivative of 1/3*q**4 + 0 + x*q**2 + 1/6*q**3 - 3*q. Calculate i(-1).
3
Let d(m) = m**3 - 3*m**2 - m - 10. Let g be d(4). Let p be (4 - 4)/(g - 3). Let i(v) = v**3 - v**2 + 7. Calculate i(p).
7
Let l(o) = -8*o**2 - 2*o + 1. Let s be (-5 + 4)*(25/(-5))/5. Determine l(s).
-9
Let w(m) = -678*m + m**3 - 684*m - 5*m**2 + 1363*m. Calculate w(5).
5
Let w(i) = i**3 + 2*i. Let h be w(2). Suppose 3*p = 6 + h. Let t be (-2)/p*(-18 + 9). Let n(j) = j**3 - 3*j**2 - 3*j - 2. Give n(t).
-11
Let g(p) = p**3 + 2*p**2 - p - 1. Let w = -25 + 53. Suppose w = -4*i - 0*i. Let x = 5 + i. Determine g(x).
1
Let o(d) = -9*d + 1. Let f(p) = -p + 6. Let a = -20 - -24. Let l be f(a). Suppose -l*y + 2*t = -8, -6*t = -t + 25. Determine o(y).
10
Let w = -2 + 4. Let l(c) = -3*c + 59. Let a be l(18). Let n(s) = -3 + a*s + s - w*s**2 - 2*s - s. Determine n(2).
-5
Let f(l) = 6*l**2 + l**3 + 1 - l + 0*l - 2*l**2. Suppose p + 2*o + o = -47, -p - 49 = 4*o. Let q = p - -37. Determine f(q).
5
Let n(s) = -6 - 6*s + 19 - 9*s**2 - 7. Let h(y) = 3*y**2 + 2*y - 2. Let r(l) = -17*h(l) - 6*n(l). Determine r(2).
14
Let u be (0 + 0/2 - -18)*-4. Let j = u - -79. Let o(z) = z**2 - 9*z + 9. Determine o(j).
-5
Let b(q) = 3*q**2 + 3*q + 16. Let u(m) = m**2 + m + 7. Let p(t) = 2*b(t) - 5*u(t). Calculate p(-3).
3
Let v(m) be the second derivative of -m**3/3 - m**2/2 + 6*m + 4. Let t = -6 - -3. Let s be v(t). Let p(n) = n**2 - 6*n + 6. Give p(s).
1
Let z(m) = m - 11. Let x(i) = 3*i**2 - 1. Let c be x(-2). Let h be z(c). Let v(f) = f**2 + f - 6. Determine v(h).
-6
Let g = -126 - -119. Let f(v) = v**3 + 6*v**2 - 8*v + 5. Calculate f(g).
12
Let g be ((1/(-2))/(-1))/((-10)/(-6